{"id":124252,"date":"2026-08-31T12:49:22","date_gmt":"2026-08-31T10:49:22","guid":{"rendered":"https:\/\/www.villava.es\/?post_type=eventos&#038;p=124252"},"modified":"2026-08-31T12:50:14","modified_gmt":"2026-08-31T10:50:14","slug":"esperientziak","status":"publish","type":"eventos","link":"https:\/\/www.villava.es\/eu\/eventos\/esperientziak\/","title":{"rendered":"\u00abEsperientziak\u00bb"},"content":{"rendered":"<p><strong>Foto67m argazki-tailerreko argazkien erakusketa.<\/strong><\/p>\n<p>Argazkia ez da soilik kameran grabatua gelditzen den esperientzia, baita bakoitzaren erretinan bertan eta gure enteleguan gelditzen dena ere, horrek gauzak beste modu batez ikusarazten eta balorarazten baitigu. Bizi dugunari argazkia atera eta hori besteen begietara eramaten dugu, irudi soil bat baino gehiago partekatuta, hau da, haren atzean dagoen guztia. Hori lortzen dugun edo ez, zuen begiradaren baitan dago.<\/p>\n<p><strong>EGILEAK<\/strong>: Javier Bengoetxea, Jes\u00fas Calvo, Yanira Calvo, Rub\u00e9n Dom\u00ednguez, Uxue Etxebeste, Patxi Fl\u00f3rez, Marian Inda, Pilar Izquierdo, Alejandro Liberal, Mercedes Pascual, Fernando Pl\u00e1, Nieves Recalde, Judit Zudaire.<\/p>\n","protected":false},"featured_media":124255,"comment_status":"open","ping_status":"closed","template":"","meta":{"classic-editor-remember":["classic-editor"],"_wpml_word_count":["122"],"_wpml_media_duplicate":["1"],"_wpml_media_featured":["1"],"barra":["general"],"event_horario_fin":[""],"event_horario_inicio":[""],"imagenslia":[""],"autor_o":[""],"boton1":[""],"boton1u":[""],"event_ext":[""],"event_horario":["Astelehenetik ostiralera, 18:00etatik 21:00etara, eta urriaren 25ean eta azaroaren 1ean, igandeetan,19:00etatik 20:00etara."],"event_location":["52124"],"fechas":[""],"inscripcion":[""],"nota":[""],"ponente":[""],"_thumbnail_id":["124255"],"_exactmetrics_sitenote_active":["0"],"importe":[""],"botonve":[""],"botonveu":[""],"mostrar_barra":["1"],"_yoast_wpseo_primary_categoriaeventos":[""],"_yoast_wpseo_content_score":["90"],"_yoast_wpseo_estimated-reading-time-minutes":["1"],"_yoast_wpseo_wordproof_timestamp":[""],"_dp_original":["111328"],"dias":[";24-9-2026;01-11-2026;"],"event_date":["1790208000"],"event_date1":["1793491200"],"_edit_lock":["1788173294:31"],"_edit_last":["31"]},"class_list":["post-124252","eventos","type-eventos","status-publish","has-post-thumbnail","hentry","categoriaeventos-erakusketa-2"],"yoast_head":"<!-- This site is optimized with the Yoast SEO plugin v28.1 - https:\/\/yoast.com\/product\/yoast-seo-wordpress\/ -->\r\n<title>\u00abEsperientziak\u00bb - Ayuntamiento de Villava \/ Atarrabiako Udala<\/title>\r\n<meta name=\"robots\" content=\"index, follow, max-snippet:-1, max-image-preview:large, max-video-preview:-1\" \/>\r\n<link rel=\"canonical\" href=\"https:\/\/www.villava.es\/eu\/eventos\/esperientziak\/\" \/>\r\n<meta property=\"og:locale\" content=\"eu_ES\" \/>\r\n<meta property=\"og:type\" content=\"article\" \/>\r\n<meta property=\"og:title\" content=\"\u00abEsperientziak\u00bb - Ayuntamiento de Villava \/ Atarrabiako Udala\" \/>\r\n<meta property=\"og:description\" content=\"Foto67m argazki-tailerreko argazkien erakusketa. Argazkia ez da soilik kameran grabatua gelditzen den esperientzia, baita bakoitzaren erretinan bertan eta gure enteleguan gelditzen dena ere, horrek gauzak beste modu batez ikusarazten eta balorarazten baitigu. Bizi dugunari argazkia atera eta hori besteen begietara eramaten dugu, irudi soil bat baino gehiago partekatuta, hau da, haren atzean dagoen guztia. Hori [&hellip;]\" \/>\r\n<meta property=\"og:url\" content=\"https:\/\/www.villava.es\/eu\/eventos\/esperientziak\/\" \/>\r\n<meta property=\"og:site_name\" content=\"Ayuntamiento de Villava \/ Atarrabiako Udala\" \/>\r\n<meta property=\"article:modified_time\" content=\"2026-08-31T10:50:14+00:00\" \/>\r\n<meta property=\"og:image\" content=\"https:\/\/www.villava.es\/wp-content\/uploads\/2026\/08\/Exposicion-Foto-67-M-Experiencias.jpg\" \/>\r\n\t<meta property=\"og:image:width\" content=\"1772\" \/>\r\n\t<meta property=\"og:image:height\" content=\"1329\" \/>\r\n\t<meta property=\"og:image:type\" content=\"image\/jpeg\" \/>\r\n<meta name=\"twitter:card\" content=\"summary_large_image\" \/>\r\n<meta name=\"twitter:label1\" content=\"Est. reading time\" \/>\n\t<meta name=\"twitter:data1\" content=\"1 minute\" \/>\r\n<script type=\"application\/ld+json\" class=\"yoast-schema-graph\">{\"@context\":\"https:\\\/\\\/schema.org\",\"@graph\":[{\"@type\":\"WebPage\",\"@id\":\"https:\\\/\\\/www.villava.es\\\/eu\\\/eventos\\\/esperientziak\\\/\",\"url\":\"https:\\\/\\\/www.villava.es\\\/eu\\\/eventos\\\/esperientziak\\\/\",\"name\":\"\u00abEsperientziak\u00bb - Ayuntamiento de Villava \\\/ Atarrabiako Udala\",\"isPartOf\":{\"@id\":\"https:\\\/\\\/www.villava.es\\\/#website\"},\"primaryImageOfPage\":{\"@id\":\"https:\\\/\\\/www.villava.es\\\/eu\\\/eventos\\\/esperientziak\\\/#primaryimage\"},\"image\":{\"@id\":\"https:\\\/\\\/www.villava.es\\\/eu\\\/eventos\\\/esperientziak\\\/#primaryimage\"},\"thumbnailUrl\":\"https:\\\/\\\/www.villava.es\\\/wp-content\\\/uploads\\\/2026\\\/08\\\/Exposicion-Foto-67-M-Experiencias.jpg\",\"datePublished\":\"2026-08-31T10:49:22+00:00\",\"dateModified\":\"2026-08-31T10:50:14+00:00\",\"breadcrumb\":{\"@id\":\"https:\\\/\\\/www.villava.es\\\/eu\\\/eventos\\\/esperientziak\\\/#breadcrumb\"},\"inLanguage\":\"eu-ES\",\"potentialAction\":[{\"@type\":\"ReadAction\",\"target\":[\"https:\\\/\\\/www.villava.es\\\/eu\\\/eventos\\\/esperientziak\\\/\"]}]},{\"@type\":\"ImageObject\",\"inLanguage\":\"eu-ES\",\"@id\":\"https:\\\/\\\/www.villava.es\\\/eu\\\/eventos\\\/esperientziak\\\/#primaryimage\",\"url\":\"https:\\\/\\\/www.villava.es\\\/wp-content\\\/uploads\\\/2026\\\/08\\\/Exposicion-Foto-67-M-Experiencias.jpg\",\"contentUrl\":\"https:\\\/\\\/www.villava.es\\\/wp-content\\\/uploads\\\/2026\\\/08\\\/Exposicion-Foto-67-M-Experiencias.jpg\",\"width\":1772,\"height\":1329},{\"@type\":\"BreadcrumbList\",\"@id\":\"https:\\\/\\\/www.villava.es\\\/eu\\\/eventos\\\/esperientziak\\\/#breadcrumb\",\"itemListElement\":[{\"@type\":\"ListItem\",\"position\":1,\"name\":\"Home\",\"item\":\"https:\\\/\\\/www.villava.es\\\/\"},{\"@type\":\"ListItem\",\"position\":2,\"name\":\"Eventos\",\"item\":\"https:\\\/\\\/www.villava.es\\\/eventos\\\/\"},{\"@type\":\"ListItem\",\"position\":3,\"name\":\"\u00abEsperientziak\u00bb\"}]},{\"@type\":\"WebSite\",\"@id\":\"https:\\\/\\\/www.villava.es\\\/#website\",\"url\":\"https:\\\/\\\/www.villava.es\\\/\",\"name\":\"Ayuntamiento de Villava \\\/ Atarrabiako Udala\",\"description\":\"Ayuntamiento de Villava \\\/ Atarrabiako Udala\",\"potentialAction\":[{\"@type\":\"SearchAction\",\"target\":{\"@type\":\"EntryPoint\",\"urlTemplate\":\"https:\\\/\\\/www.villava.es\\\/?s={search_term_string}\"},\"query-input\":{\"@type\":\"PropertyValueSpecification\",\"valueRequired\":true,\"valueName\":\"search_term_string\"}}],\"inLanguage\":\"eu-ES\"}]}<\/script>\r\n<!-- \/ Yoast SEO plugin. -->","yoast_head_json":{"title":"\u00abEsperientziak\u00bb - Ayuntamiento de Villava \/ Atarrabiako Udala","robots":{"index":"index","follow":"follow","max-snippet":"max-snippet:-1","max-image-preview":"max-image-preview:large","max-video-preview":"max-video-preview:-1"},"canonical":"https:\/\/www.villava.es\/eu\/eventos\/esperientziak\/","og_locale":"eu_ES","og_type":"article","og_title":"\u00abEsperientziak\u00bb - Ayuntamiento de Villava \/ Atarrabiako Udala","og_description":"Foto67m argazki-tailerreko argazkien erakusketa. Argazkia ez da soilik kameran grabatua gelditzen den esperientzia, baita bakoitzaren erretinan bertan eta gure enteleguan gelditzen dena ere, horrek gauzak beste modu batez ikusarazten eta balorarazten baitigu. Bizi dugunari argazkia atera eta hori besteen begietara eramaten dugu, irudi soil bat baino gehiago partekatuta, hau da, haren atzean dagoen guztia. Hori [&hellip;]","og_url":"https:\/\/www.villava.es\/eu\/eventos\/esperientziak\/","og_site_name":"Ayuntamiento de Villava \/ Atarrabiako Udala","article_modified_time":"2026-08-31T10:50:14+00:00","og_image":[{"width":1772,"height":1329,"url":"https:\/\/www.villava.es\/wp-content\/uploads\/2026\/08\/Exposicion-Foto-67-M-Experiencias.jpg","type":"image\/jpeg"}],"twitter_card":"summary_large_image","twitter_misc":{"Est. reading time":"1 minute"},"schema":{"@context":"https:\/\/schema.org","@graph":[{"@type":"WebPage","@id":"https:\/\/www.villava.es\/eu\/eventos\/esperientziak\/","url":"https:\/\/www.villava.es\/eu\/eventos\/esperientziak\/","name":"\u00abEsperientziak\u00bb - Ayuntamiento de Villava \/ Atarrabiako Udala","isPartOf":{"@id":"https:\/\/www.villava.es\/#website"},"primaryImageOfPage":{"@id":"https:\/\/www.villava.es\/eu\/eventos\/esperientziak\/#primaryimage"},"image":{"@id":"https:\/\/www.villava.es\/eu\/eventos\/esperientziak\/#primaryimage"},"thumbnailUrl":"https:\/\/www.villava.es\/wp-content\/uploads\/2026\/08\/Exposicion-Foto-67-M-Experiencias.jpg","datePublished":"2026-08-31T10:49:22+00:00","dateModified":"2026-08-31T10:50:14+00:00","breadcrumb":{"@id":"https:\/\/www.villava.es\/eu\/eventos\/esperientziak\/#breadcrumb"},"inLanguage":"eu-ES","potentialAction":[{"@type":"ReadAction","target":["https:\/\/www.villava.es\/eu\/eventos\/esperientziak\/"]}]},{"@type":"ImageObject","inLanguage":"eu-ES","@id":"https:\/\/www.villava.es\/eu\/eventos\/esperientziak\/#primaryimage","url":"https:\/\/www.villava.es\/wp-content\/uploads\/2026\/08\/Exposicion-Foto-67-M-Experiencias.jpg","contentUrl":"https:\/\/www.villava.es\/wp-content\/uploads\/2026\/08\/Exposicion-Foto-67-M-Experiencias.jpg","width":1772,"height":1329},{"@type":"BreadcrumbList","@id":"https:\/\/www.villava.es\/eu\/eventos\/esperientziak\/#breadcrumb","itemListElement":[{"@type":"ListItem","position":1,"name":"Home","item":"https:\/\/www.villava.es\/"},{"@type":"ListItem","position":2,"name":"Eventos","item":"https:\/\/www.villava.es\/eventos\/"},{"@type":"ListItem","position":3,"name":"\u00abEsperientziak\u00bb"}]},{"@type":"WebSite","@id":"https:\/\/www.villava.es\/#website","url":"https:\/\/www.villava.es\/","name":"Ayuntamiento de Villava \/ Atarrabiako Udala","description":"Ayuntamiento de Villava \/ Atarrabiako Udala","potentialAction":[{"@type":"SearchAction","target":{"@type":"EntryPoint","urlTemplate":"https:\/\/www.villava.es\/?s={search_term_string}"},"query-input":{"@type":"PropertyValueSpecification","valueRequired":true,"valueName":"search_term_string"}}],"inLanguage":"eu-ES"}]}},"_links":{"self":[{"href":"https:\/\/www.villava.es\/eu\/wp-json\/wp\/v2\/eventos\/124252","targetHints":{"allow":["GET"]}}],"collection":[{"href":"https:\/\/www.villava.es\/eu\/wp-json\/wp\/v2\/eventos"}],"about":[{"href":"https:\/\/www.villava.es\/eu\/wp-json\/wp\/v2\/types\/eventos"}],"replies":[{"embeddable":true,"href":"https:\/\/www.villava.es\/eu\/wp-json\/wp\/v2\/comments?post=124252"}],"wp:featuredmedia":[{"embeddable":true,"href":"https:\/\/www.villava.es\/eu\/wp-json\/wp\/v2\/media\/124255"}],"wp:attachment":[{"href":"https:\/\/www.villava.es\/eu\/wp-json\/wp\/v2\/media?parent=124252"}],"curies":[{"name":"wp","href":"https:\/\/api.w.org\/{rel}","templated":true}]}}

<p><strong>Foto67m argazki-tailerreko argazkien erakusketa.</strong></p>
<p>Argazkia ez da soilik kameran grabatua gelditzen den esperientzia, baita bakoitzaren erretinan bertan eta gure enteleguan gelditzen dena ere, horrek gauzak beste modu batez ikusarazten eta balorarazten baitigu. Bizi dugunari argazkia atera eta hori besteen begietara eramaten dugu, irudi soil bat baino gehiago partekatuta, hau da, haren atzean dagoen guztia. Hori lortzen dugun edo ez, zuen begiradaren baitan dago.</p>
<p><strong>EGILEAK</strong>: Javier Bengoetxea, Jesús Calvo, Yanira Calvo, Rubén Domínguez, Uxue Etxebeste, Patxi Flórez, Marian Inda, Pilar Izquierdo, Alejandro Liberal, Mercedes Pascual, Fernando Plá, Nieves Recalde, Judit Zudaire.</p>
